{"id":73,"date":"2024-08-05T14:43:55","date_gmt":"2024-08-05T12:43:55","guid":{"rendered":"https:\/\/amicalelaiquettt.fr\/?page_id=73"},"modified":"2024-09-13T10:18:51","modified_gmt":"2024-09-13T08:18:51","slug":"nous-contacter","status":"publish","type":"page","link":"https:\/\/amicalelaiquettt.fr\/index.php\/nous-contacter\/","title":{"rendered":"Nous contacter"},"content":{"rendered":"\n<p>Chaque fiche d&rsquo;activit\u00e9 et le programme annuel vous donneront les coordonn\u00e9es de la personne \u00e0 contacter. <\/p>\n\n\n\n<p>L&rsquo;adresse email de l&rsquo;association est la suivante : <a href=\"mailto:amicaletreletrevou@gmail.com\">amicaletreletrevou@gmail.com<\/a>. <\/p>\n\n\n\n<p>Par ailleurs l&rsquo;Amicale La\u00efque est toujours \u00e0 la recherche de nouveaux b\u00e9n\u00e9voles et\/ou de nouvelles activit\u00e9s \u00e0 proposer \u00e0 ses adh\u00e9rents, alors contactez-nous ! <\/p>\n\n\n\n<p>La Pr\u00e9sidente, <\/p>\n\n\n\n<p>Caroline Plunet<\/p>\n","protected":false},"excerpt":{"rendered":"<p>Chaque fiche d&rsquo;activit\u00e9 et le programme annuel vous donneront les coordonn\u00e9es de la personne \u00e0 contacter. L&rsquo;adresse email de l&rsquo;association est la suivante : amicaletreletrevou@gmail.com. Par ailleurs l&rsquo;Amicale La\u00efque est toujours \u00e0 la recherche de nouveaux b\u00e9n\u00e9voles et\/ou de nouvelles activit\u00e9s \u00e0 proposer \u00e0 ses adh\u00e9rents, alors contactez-nous ! La Pr\u00e9sidente, Caroline Plunet<\/p>\n","protected":false},"author":1,"featured_media":0,"parent":0,"menu_order":0,"comment_status":"closed","ping_status":"closed","template":"","meta":{"footnotes":""},"class_list":["post-73","page","type-page","status-publish","hentry"],"_links":{"self":[{"href":"https:\/\/amicalelaiquettt.fr\/index.php\/wp-json\/wp\/v2\/pages\/73","targetHints":{"allow":["GET"]}}],"collection":[{"href":"https:\/\/amicalelaiquettt.fr\/index.php\/wp-json\/wp\/v2\/pages"}],"about":[{"href":"https:\/\/amicalelaiquettt.fr\/index.php\/wp-json\/wp\/v2\/types\/page"}],"author":[{"embeddable":true,"href":"https:\/\/amicalelaiquettt.fr\/index.php\/wp-json\/wp\/v2\/users\/1"}],"replies":[{"embeddable":true,"href":"https:\/\/amicalelaiquettt.fr\/index.php\/wp-json\/wp\/v2\/comments?post=73"}],"version-history":[{"count":3,"href":"https:\/\/amicalelaiquettt.fr\/index.php\/wp-json\/wp\/v2\/pages\/73\/revisions"}],"predecessor-version":[{"id":441,"href":"https:\/\/amicalelaiquettt.fr\/index.php\/wp-json\/wp\/v2\/pages\/73\/revisions\/441"}],"wp:attachment":[{"href":"https:\/\/amicalelaiquettt.fr\/index.php\/wp-json\/wp\/v2\/media?parent=73"}],"curies":[{"name":"wp","href":"https:\/\/api.w.org\/{rel}","templated":true}]}}