{"id":19,"date":"2024-07-16T15:52:27","date_gmt":"2024-07-16T13:52:27","guid":{"rendered":"https:\/\/amicalelaiquettt.fr\/?page_id=19"},"modified":"2025-01-19T19:41:08","modified_gmt":"2025-01-19T18:41:08","slug":"bienvenue","status":"publish","type":"page","link":"https:\/\/amicalelaiquettt.fr\/","title":{"rendered":"Accueil"},"content":{"rendered":"\n<p>Le site de l&rsquo;Amicale La\u00efque de Tr\u00e9vou-Treguignec Tr\u00e9l\u00e9vern est en cours de maintenance. Merci pour votre compr\u00e9hension et \u00e0 tr\u00e8s bient\u00f4t ! <\/p>\n\n\n\n<div class=\"wp-block-columns is-layout-flex wp-container-core-columns-is-layout-28f84493 wp-block-columns-is-layout-flex\">\n<div class=\"wp-block-column is-layout-flow wp-block-column-is-layout-flow\">\n<figure class=\"wp-block-image size-full\"><a href=\"https:\/\/amicalelaiquettt.fr\/wp-admin\/themes.php\"><img loading=\"lazy\" decoding=\"async\" width=\"150\" height=\"150\" src=\"http:\/\/amicalelaiquettt.fr\/wp-content\/uploads\/2024\/08\/icon-atelier-peinture.png\" alt=\"\" class=\"wp-image-56\"\/><\/a><\/figure>\n<\/div>\n\n\n\n<div class=\"wp-block-column is-layout-flow wp-block-column-is-layout-flow\"><\/div>\n\n\n\n<div class=\"wp-block-column is-layout-flow wp-block-column-is-layout-flow\"><\/div>\n<\/div>\n","protected":false},"excerpt":{"rendered":"<p>Le site de l&rsquo;Amicale La\u00efque de Tr\u00e9vou-Treguignec Tr\u00e9l\u00e9vern est en cours de maintenance. Merci pour votre compr\u00e9hension et \u00e0 tr\u00e8s bient\u00f4t !<\/p>\n","protected":false},"author":1,"featured_media":0,"parent":0,"menu_order":0,"comment_status":"closed","ping_status":"closed","template":"","meta":{"footnotes":""},"class_list":["post-19","page","type-page","status-publish","hentry"],"_links":{"self":[{"href":"https:\/\/amicalelaiquettt.fr\/index.php\/wp-json\/wp\/v2\/pages\/19","targetHints":{"allow":["GET"]}}],"collection":[{"href":"https:\/\/amicalelaiquettt.fr\/index.php\/wp-json\/wp\/v2\/pages"}],"about":[{"href":"https:\/\/amicalelaiquettt.fr\/index.php\/wp-json\/wp\/v2\/types\/page"}],"author":[{"embeddable":true,"href":"https:\/\/amicalelaiquettt.fr\/index.php\/wp-json\/wp\/v2\/users\/1"}],"replies":[{"embeddable":true,"href":"https:\/\/amicalelaiquettt.fr\/index.php\/wp-json\/wp\/v2\/comments?post=19"}],"version-history":[{"count":7,"href":"https:\/\/amicalelaiquettt.fr\/index.php\/wp-json\/wp\/v2\/pages\/19\/revisions"}],"predecessor-version":[{"id":510,"href":"https:\/\/amicalelaiquettt.fr\/index.php\/wp-json\/wp\/v2\/pages\/19\/revisions\/510"}],"wp:attachment":[{"href":"https:\/\/amicalelaiquettt.fr\/index.php\/wp-json\/wp\/v2\/media?parent=19"}],"curies":[{"name":"wp","href":"https:\/\/api.w.org\/{rel}","templated":true}]}}