{"id":107,"date":"2024-08-05T15:42:02","date_gmt":"2024-08-05T13:42:02","guid":{"rendered":"https:\/\/amicalelaiquettt.fr\/?page_id=107"},"modified":"2024-08-06T12:26:32","modified_gmt":"2024-08-06T10:26:32","slug":"le-theatre","status":"publish","type":"page","link":"https:\/\/amicalelaiquettt.fr\/index.php\/le-theatre\/","title":{"rendered":"L&rsquo;atelier th\u00e9\u00e2tre"},"content":{"rendered":"\n<p>Voil\u00e0 plus de 30 ans que la troupe de th\u00e9\u00e2tre de l&rsquo;Amicale La\u00efque existe.<\/p>\n\n\n\n<p>Apr\u00e8s le choix d&rsquo;une pi\u00e8ce en d\u00e9but d&rsquo;\u00e9t\u00e9 par les com\u00e9diens (chacun contribuant \u00e0 la mise en sc\u00e8ne, aux costumes et aux d\u00e9cors), ceux-ci r\u00e9p\u00e8tent une fois par semaine \u00e0 partir du mois de septembre a\ufb01n d&rsquo;\u00eatre pr\u00eats pour donner des repr\u00e9sentations au d\u00e9but de l&rsquo;ann\u00e9e suivante.<\/p>\n\n\n\n<p>Toutes les r\u00e9p\u00e9titions et repr\u00e9sentations ont lieu dans la salle polyvalente de la commune de Tr\u00e9l\u00e9vern mise \u00e0 disposition gracieusement par la municipalit\u00e9.&nbsp;<\/p>\n\n\n\n<p>La troupe s&rsquo;est donn\u00e9 le nom de \u00ab Lever de rideau \u00bb mais reste sous l&rsquo;\u00e9gide de l&rsquo;Amicale La\u00efque de Tr\u00e9l\u00e9vern-Tr\u00e9vou-Tr\u00e9guignec.<br><br><\/p>\n\n\n\n<div class=\"wp-block-cover is-light\"><span aria-hidden=\"true\" class=\"wp-block-cover__background has-secondary-bg-color-background-color has-background-dim-100 has-background-dim\"><\/span><div class=\"wp-block-cover__inner-container is-layout-constrained wp-block-cover-is-layout-constrained\">\n<p class=\"has-text-align-center has-large-font-size\">Contact atelier Th\u00e9\u00e2tre<\/p>\n\n\n\n<p class=\"has-text-align-center\"><a href=\"mailto:amicaletreletrevou@gmail.com\">amicaletreletrevou@gmail.com<\/a><\/p>\n<\/div><\/div>\n\n\n\n<div class=\"wp-block-columns is-layout-flex wp-container-core-columns-is-layout-28f84493 wp-block-columns-is-layout-flex\">\n<div class=\"wp-block-column is-layout-flow wp-block-column-is-layout-flow\" style=\"flex-basis:50%\">\n<figure class=\"wp-block-gallery has-nested-images columns-default is-cropped wp-block-gallery-1 is-layout-flex wp-block-gallery-is-layout-flex\">\n<figure class=\"wp-block-image size-large is-style-default\"><img loading=\"lazy\" decoding=\"async\" width=\"486\" height=\"686\" data-id=\"276\" src=\"https:\/\/amicalelaiquettt.fr\/wp-content\/uploads\/2024\/08\/5e1948b0603bc0cdc3f000287f870c84_4-represen.jpg\" alt=\"\" class=\"wp-image-276\" srcset=\"https:\/\/amicalelaiquettt.fr\/wp-content\/uploads\/2024\/08\/5e1948b0603bc0cdc3f000287f870c84_4-represen.jpg 486w, https:\/\/amicalelaiquettt.fr\/wp-content\/uploads\/2024\/08\/5e1948b0603bc0cdc3f000287f870c84_4-represen-213x300.jpg 213w\" sizes=\"auto, (max-width: 486px) 100vw, 486px\" \/><figcaption class=\"wp-element-caption\">Pi\u00e8ce pr\u00e9sent\u00e9e au printemps 2024<\/figcaption><\/figure>\n<\/figure>\n<\/div>\n\n\n\n<div class=\"wp-block-column is-layout-flow wp-block-column-is-layout-flow\" style=\"flex-basis:50%\">\n<figure class=\"wp-block-gallery has-nested-images columns-default is-cropped wp-block-gallery-2 is-layout-flex wp-block-gallery-is-layout-flex\">\n<figure class=\"wp-block-image size-large\"><img loading=\"lazy\" decoding=\"async\" width=\"930\" height=\"576\" data-id=\"278\" src=\"https:\/\/amicalelaiquettt.fr\/wp-content\/uploads\/2024\/08\/Capture-decran-2024-08-06-122446.png\" alt=\"\" class=\"wp-image-278\" srcset=\"https:\/\/amicalelaiquettt.fr\/wp-content\/uploads\/2024\/08\/Capture-decran-2024-08-06-122446.png 930w, https:\/\/amicalelaiquettt.fr\/wp-content\/uploads\/2024\/08\/Capture-decran-2024-08-06-122446-300x186.png 300w, https:\/\/amicalelaiquettt.fr\/wp-content\/uploads\/2024\/08\/Capture-decran-2024-08-06-122446-768x476.png 768w\" sizes=\"auto, (max-width: 930px) 100vw, 930px\" \/><figcaption class=\"wp-element-caption\">La troupe Lever de Rideau (Photo Le T\u00e9l\u00e9gramme)<\/figcaption><\/figure>\n<\/figure>\n<\/div>\n<\/div>\n","protected":false},"excerpt":{"rendered":"<p>Voil\u00e0 plus de 30 ans que la troupe de th\u00e9\u00e2tre de l&rsquo;Amicale La\u00efque existe. Apr\u00e8s le choix d&rsquo;une pi\u00e8ce en d\u00e9but d&rsquo;\u00e9t\u00e9 par les com\u00e9diens (chacun contribuant \u00e0 la mise en sc\u00e8ne, aux costumes et aux d\u00e9cors), ceux-ci r\u00e9p\u00e8tent une fois par semaine \u00e0 partir du mois de septembre a\ufb01n d&rsquo;\u00eatre pr\u00eats pour donner des [&hellip;]<\/p>\n","protected":false},"author":1,"featured_media":0,"parent":0,"menu_order":0,"comment_status":"closed","ping_status":"closed","template":"","meta":{"footnotes":""},"class_list":["post-107","page","type-page","status-publish","hentry"],"_links":{"self":[{"href":"https:\/\/amicalelaiquettt.fr\/index.php\/wp-json\/wp\/v2\/pages\/107","targetHints":{"allow":["GET"]}}],"collection":[{"href":"https:\/\/amicalelaiquettt.fr\/index.php\/wp-json\/wp\/v2\/pages"}],"about":[{"href":"https:\/\/amicalelaiquettt.fr\/index.php\/wp-json\/wp\/v2\/types\/page"}],"author":[{"embeddable":true,"href":"https:\/\/amicalelaiquettt.fr\/index.php\/wp-json\/wp\/v2\/users\/1"}],"replies":[{"embeddable":true,"href":"https:\/\/amicalelaiquettt.fr\/index.php\/wp-json\/wp\/v2\/comments?post=107"}],"version-history":[{"count":7,"href":"https:\/\/amicalelaiquettt.fr\/index.php\/wp-json\/wp\/v2\/pages\/107\/revisions"}],"predecessor-version":[{"id":280,"href":"https:\/\/amicalelaiquettt.fr\/index.php\/wp-json\/wp\/v2\/pages\/107\/revisions\/280"}],"wp:attachment":[{"href":"https:\/\/amicalelaiquettt.fr\/index.php\/wp-json\/wp\/v2\/media?parent=107"}],"curies":[{"name":"wp","href":"https:\/\/api.w.org\/{rel}","templated":true}]}}